nds digit of 17305?
7
What is the units digit of 172?
2
What is the thousands digit of 39855?
9
What is the tens digit of 990?
9
What is the hundreds digit of 2135?
1
What is the units digit of 39778?
8
What is the ten thousands digit of 52837?
5
What is the thousands digit of 12825?
2
What is the tens digit of 63360?
6
What is the hundreds digit of 43764?
7
What is the units digit of 25641?
1
What is the thousands digit of 139921?
9
What is the tens digit of 43?
4
What is the units digit of 4338?
8
What is the hundreds digit of 109446?
4
What is the hundreds digit of 2200?
2
What is the thousands digit of 42294?
2
What is the tens digit of 1863?
6
What is the ten thousands digit of 58411?
5
What is the units digit of 1305?
5
What is the thousands digit of 28197?
8
What is the tens digit of 1425?
2
What is the thousands digit of 3562?
3
What is the hundreds digit of 1415?
4
What is the tens digit of 6149?
4
What is the hundreds digit of 7903?
9
What is the hundreds digit of 7398?
3
What is the units digit of 1641?
1
What is the tens digit of 1046?
4
What is the units digit of 3117?
7
What is the thousands digit of 160634?
0
What is the tens digit of 4822?
2
What is the hundreds digit of 383?
3
What is the units digit of 72276?
6
What is the units digit of 3810?
0
What is the tens digit of 9332?
3
What is the thousands digit of 2272?
2
What is the tens digit of 46023?
2
What is the ten thousands digit of 14061?
1
What is the tens digit of 987?
8
What is the tens digit of 252?
5
What is the tens digit of 7482?
8
What is the hundreds digit of 5676?
6
What is the units digit of 1239?
9
What is the hundreds digit of 41130?
1
What is the tens digit of 8094?
9
What is the tens digit of 1549?
4
What is the hundreds digit of 4618?
6
What is the tens digit of 36753?
5
What is the units digit of 2468?
8
What is the hundreds digit of 77261?
2
What is the tens digit of 5568?
6
What is the thousands digit of 7439?
7
What is the units digit of 7212?
2
What is the tens digit of 766?
6
What is the thousands digit of 1880?
1
What is the tens digit of 77146?
4
What is the thousands digit of 61512?
1
What is the tens digit of 5100?
0
What is the hundreds digit of 3188?
1
What is the units digit of 5574?
4
What is the hundreds digit of 6039?
0
What is the units digit of 169?
9
What is the ten thousands digit of 13250?
1
What is the hundreds digit of 631?
6
What is the units digit of 1366?
6
What is the units digit of 3768?
8
What is the hundreds digit of 3035?
0
What is the tens digit of 393?
9
What is the units digit of 128107?
7
What is the hundreds digit of 117?
1
What is the tens digit of 483?
8
What is the units digit of 4506?
6
What is the ten thousands digit of 61757?
6
What is the hundreds digit of 10198?
1
What is the tens digit of 560?
6
What is the hundreds digit of 12105?
1
What is the tens digit of 6195?
9
What is the units digit of 2706?
6
What is the hundreds digit of 2389?
3
What is the units digit of 4817?
7
What is the ten thousands digit of 13164?
1
What is the units digit of 3391?
1
What is the tens digit of 23514?
1
What is the thousands digit of 15885?
5
What is the units digit of 3558?
8
What is the hundreds digit of 3918?
9
What is the hundreds digit of 44125?
1
What is the ten thousands digit of 32621?
3
What is the hundred thousands digit of 119741?
1
What is the tens digit of 86415?
1
What is the tens digit of 6393?
9
What is the tens digit of 43559?
5
What is the units digit of 66?
6
What is the thousands digit of 3027?
3
What is the tens digit of 4256?
5
What is the hundreds digit of 165?
1
What is the ten thousands digit of 67667?
6
What is the units digit of 3351?
1
What is the hundreds digit of 362?
3
What is the units digit of 256?
6
What is the hundreds digit of 17324?
3
What is the tens digit of 187?
8
What is the hundreds digit of 16348?
3
What is the tens digit of 3807?
0
What is the hundreds digit of 28406?
4
What is the thousands digit of 8973?
8
What is the tens digit of 11559?
5
What is the hundreds digit of 2499?
4
What is the hundreds digit of 42612?
6
What is the hundreds digit of 9426?
4
What is the ten thousands digit of 42147?
4
What is the thousands digit of 8130?
8
What is the hundreds digit of 528?
5
What is the tens digit of 12202?
0
What is the ten thousands digit of 36768?
3
What is the tens digit of 86073?
7
What is the units digit of 1333?
3
What is the thousands digit of 126605?
6
What is the thousands digit of 105109?
5
What is the tens digit of 149?
4
What is the ten thousands digit of 12575?
1
What is the thousands digit of 1155?
1
What is the tens digit of 3337?
3
What is the hundreds digit of 184?
1
What is the tens digit of 3359?
5
What is the thousands digit of 8131?
8
What is the units digit of 3932?
2
What is the ten thousands digit of 21765?
2
What is the hundreds digit of 17220?
2
What is the hundreds digit of 3718?
7
What is the hundreds digit of 167?
1
What is the units digit of 7203?
3
What is the hundreds digit of 48654?
6
What is the thousands digit of 10327?
0
What is the hundreds digit of 1156?
1
What is the hundreds digit of 1798?
7
What is the thousands digit of 26020?
6
What is the hundreds digit of 1029?
0
What is the tens digit of 1062?
6
What is the hundreds digit of 4605?
6
What is the units digit of 9833?
3
What is the hundreds digit of 1288?
2
What is the thousands digit of 2276?
2
What is the units digit of 45970?
0
What is the units digit of 2999?
9
What is the thousands digit of 39615?
9
What is the thousands digit of 30099?
0
What is the tens digit of 14953?
5
What is the units digit of 1206?
6
What is the thousands digit of 6716?
6
What is the tens digit of 18?
1
What is the hundreds digit of 610?
6
What is the thousands digit of 64081?
4
What is the units digit of 75818?
8
What is the thousands digit of 1136?
1
What is the units digit of 95153?
3
What is the tens digit of 49?
4
What is the thousands digit of 93180?
3
What is the thousands digit of 137629?
7
What is the units digit of 7485?
5
What is the tens digit of 533?
3
What is the units digit of 393?
3
What is the tens digit of 1373?
7
What is the thousands digit of 31914?
1
What is the hundreds digit of 4012?
0
What is the thousands digit of 20680?
0
What is the hundreds digit of 657?
6
What is the tens digit of 18026?
2
What is the thousands digit of 4736?
4
What is the hundreds digit of 1250?
2
What is the tens digit of 4096?
9
What is the tens digit of 314?
1
What is the units digit of 15667?
7
What is the hundreds digit of 18579?
5
What is the thousands digit of 1918?
1
What is the hundreds digit of 3639?
6
What is the units digit of 853?
3
What is the units digit of 719?
9
What is the units digit of 3506?
6
What is the tens digit of 217?
1
What is the hundreds digit of 1048?
0
What is the tens digit of 24178?
7
What is the hundreds digit of 903?
9
What is the hundreds digit of 1087?
0
What is the ten thousands digit of 16791?
1
What is the hundreds digit of 2937?
9
What is the thousands digit of 3095?
3
What is the units digit of 2549?
9
What is the hundreds digit of 1001?
0
What is the units digit of 3814?
4
What is the thousands digit of 1094?
1
What is the hundreds digit of 13515?
5
What is the tens digit of 34916?
1
What is the tens digit of 464?
6
What is the ten thousands digit of 17692?
1
What is the thousands digit of 1769?
1
What is the tens digit of 13889?
8
What is the thousands digit of 1823?
1
What is the ten thousands digit of 28527?
2
What is the units digit of 1273?
3
What is the thousands digit of 26505?
6
What is the units digit of 59?
9
What is the tens digit of 3310?
1
What is the tens digit of 3246?
4
What is the tens digit of 948?
4
What is the hundreds digit of 13887?
8
What is the thousands digit of 160729?
0
What is the thousands digit of 2219?
2
What is the hundreds digit of 4090?
0
What is the tens digit of 114?
1
What is the hundreds digit of 569?
5
What is the ten thousands digit of 52645?
5
What is the units digit of 15311?
1
What is the units digit of 7167?
7
What is the tens digit of 3915?
1
What is the thousands digit of 1077?
1
What is the hundreds digit of 792?
7
What is the thousands digit of 1639?
1
What is the hundreds digit of 17841?
8
What is the ten thousands digit of 13